{"id":5586,"date":"2024-10-04T23:11:09","date_gmt":"2024-10-04T23:11:09","guid":{"rendered":"https:\/\/starcoffee.ar\/tienda\/?post_type=product&#038;p=5586"},"modified":"2026-02-05T13:45:01","modified_gmt":"2026-02-05T13:45:01","slug":"saeco-iperautomatica","status":"publish","type":"product","link":"https:\/\/starcoffee.ar\/tienda\/product\/saeco-iperautomatica\/","title":{"rendered":"Saeco Iperautomatica"},"content":{"rendered":"<h2>Saeco IperAutomatica Premium<\/h2>\n<p>Ideal para oficinas, negocios y espacios reducidos<\/p>\n<p>La Saeco IperAutomatica Premium es una m\u00e1quina de caf\u00e9 compacta, elegante y de alto rendimiento, dise\u00f1ada para ofrecer hasta 8 bebidas distintas combinando caf\u00e9 en grano y productos solubles como leche o chocolate.<\/p>\n<h3>Principales caracter\u00edsticas:<\/h3>\n<ul>\n<li>Hasta 8 selecciones directas personalizables<\/li>\n<li>Compatible con caf\u00e9 en grano y 2 productos solubles<\/li>\n<li>Dep\u00f3sito de agua interno de 4 litros (opcional conexi\u00f3n a red)<\/li>\n<li>Molinillo, grupo de caf\u00e9 y caldera profesionales<\/li>\n<li>Panel con botonera retroiluminada y display gr\u00e1fico<\/li>\n<li>Altura de dispensado: 145 mm (ideal para tazas grandes)<\/li>\n<li>Bandeja para residuos de caf\u00e9: hasta 25 posos<\/li>\n<li>Compatible con sistemas de pago y lectura de estad\u00edsticas (EVA-DTS)<\/li>\n<\/ul>\n<h3>Dimensiones y consumo:<\/h3>\n<ul>\n<li>Medidas: 35 cm (ancho) x 55 cm (alto) x 54,2 cm (profundidad)<\/li>\n<li>Peso: 32 kg<\/li>\n<li>Consumo: 1500 W \u2013 220\/240V \u2013 50Hz<\/li>\n<\/ul>\n<h3>Dise\u00f1o y materiales:<\/h3>\n<ul>\n<li>Estructura met\u00e1lica robusta, puerta pl\u00e1stica de alto brillo<\/li>\n<li>Dep\u00f3sitos en polipropileno alimentario transparente<\/li>\n<li>Componentes modulares para f\u00e1cil mantenimiento<\/li>\n<\/ul>\n<h3>Ideal para:<\/h3>\n<ul>\n<li>Oficinas<\/li>\n<li>Salas de espera<\/li>\n<li>Comercios<\/li>\n<li>Espacios de coworking<\/li>\n<\/ul>\n","protected":false},"excerpt":{"rendered":"<p>Ideal para oficinas, negocios y espacios reducidos<\/p>\n<p>La Saeco IperAutomatica Premium es una m\u00e1quina de caf\u00e9 compacta, elegante y de alto rendimiento, dise\u00f1ada para ofrecer hasta 8 bebidas distintas combinando caf\u00e9 en grano y productos solubles como leche o chocolate.<\/p>\n","protected":false},"featured_media":5605,"comment_status":"open","ping_status":"closed","template":"","meta":{"_surecart_dashboard_logo_width":"180px","_surecart_dashboard_show_logo":true,"_surecart_dashboard_navigation_orders":true,"_surecart_dashboard_navigation_invoices":true,"_surecart_dashboard_navigation_subscriptions":true,"_surecart_dashboard_navigation_downloads":true,"_surecart_dashboard_navigation_billing":true,"_surecart_dashboard_navigation_account":true,"_uag_custom_page_level_css":"","site-sidebar-layout":"default","site-content-layout":"","ast-site-content-layout":"default","site-content-style":"default","site-sidebar-style":"default","ast-global-header-display":"","ast-banner-title-visibility":"","ast-main-header-display":"","ast-hfb-above-header-display":"","ast-hfb-below-header-display":"","ast-hfb-mobile-header-display":"","site-post-title":"","ast-breadcrumbs-content":"","ast-featured-img":"","footer-sml-layout":"","ast-disable-related-posts":"","theme-transparent-header-meta":"default","adv-header-id-meta":"","stick-header-meta":"","header-above-stick-meta":"","header-main-stick-meta":"","header-below-stick-meta":"","astra-migrate-meta-layouts":"set","ast-page-background-enabled":"default","ast-page-background-meta":{"desktop":{"background-color":"","background-image":"","background-repeat":"repeat","background-position":"center center","background-size":"auto","background-attachment":"scroll","background-type":"","background-media":"","overlay-type":"","overlay-color":"","overlay-opacity":"","overlay-gradient":""},"tablet":{"background-color":"","background-image":"","background-repeat":"repeat","background-position":"center center","background-size":"auto","background-attachment":"scroll","background-type":"","background-media":"","overlay-type":"","overlay-color":"","overlay-opacity":"","overlay-gradient":""},"mobile":{"background-color":"","background-image":"","background-repeat":"repeat","background-position":"center center","background-size":"auto","background-attachment":"scroll","background-type":"","background-media":"","overlay-type":"","overlay-color":"","overlay-opacity":"","overlay-gradient":""}},"ast-content-background-meta":{"desktop":{"background-color":"var(--ast-global-color-5)","background-image":"","background-repeat":"repeat","background-position":"center center","background-size":"auto","background-attachment":"scroll","background-type":"","background-media":"","overlay-type":"","overlay-color":"","overlay-opacity":"","overlay-gradient":""},"tablet":{"background-color":"var(--ast-global-color-5)","background-image":"","background-repeat":"repeat","background-position":"center center","background-size":"auto","background-attachment":"scroll","background-type":"","background-media":"","overlay-type":"","overlay-color":"","overlay-opacity":"","overlay-gradient":""},"mobile":{"background-color":"var(--ast-global-color-5)","background-image":"","background-repeat":"repeat","background-position":"center center","background-size":"auto","background-attachment":"scroll","background-type":"","background-media":"","overlay-type":"","overlay-color":"","overlay-opacity":"","overlay-gradient":""}},"_joinchat":[]},"product_brand":[53],"product_cat":[45,42,43,48,44,55],"product_tag":[],"class_list":{"0":"post-5586","1":"product","2":"type-product","3":"status-publish","4":"has-post-thumbnail","6":"product_brand-saeco","7":"product_cat-cafeterias","8":"product_cat-comercios","9":"product_cat-hogar","10":"product_cat-maquinas-de-cafe","11":"product_cat-oficinas","12":"product_cat-saeco","13":"desktop-align-center","14":"tablet-align-center","15":"mobile-align-center","17":"first","18":"instock","19":"sale","20":"featured","21":"shipping-taxable","22":"purchasable","23":"product-type-simple"},"uagb_featured_image_src":{"full":["https:\/\/starcoffee.ar\/tienda\/wp-content\/uploads\/2024\/10\/iper-premium-1.png",500,520,false],"thumbnail":["https:\/\/starcoffee.ar\/tienda\/wp-content\/uploads\/2024\/10\/iper-premium-1-150x150.png",150,150,true],"medium":["https:\/\/starcoffee.ar\/tienda\/wp-content\/uploads\/2024\/10\/iper-premium-1-288x300.png",288,300,true],"medium_large":["https:\/\/starcoffee.ar\/tienda\/wp-content\/uploads\/2024\/10\/iper-premium-1.png",500,520,false],"large":["https:\/\/starcoffee.ar\/tienda\/wp-content\/uploads\/2024\/10\/iper-premium-1.png",500,520,false],"1536x1536":["https:\/\/starcoffee.ar\/tienda\/wp-content\/uploads\/2024\/10\/iper-premium-1.png",500,520,false],"2048x2048":["https:\/\/starcoffee.ar\/tienda\/wp-content\/uploads\/2024\/10\/iper-premium-1.png",500,520,false],"woocommerce_thumbnail":["https:\/\/starcoffee.ar\/tienda\/wp-content\/uploads\/2024\/10\/iper-premium-1-300x300.png",300,300,true],"woocommerce_single":["https:\/\/starcoffee.ar\/tienda\/wp-content\/uploads\/2024\/10\/iper-premium-1.png",500,520,false],"woocommerce_gallery_thumbnail":["https:\/\/starcoffee.ar\/tienda\/wp-content\/uploads\/2024\/10\/iper-premium-1-100x100.png",100,100,true]},"uagb_author_info":{"display_name":"admin","author_link":"https:\/\/starcoffee.ar\/tienda\/author\/"},"uagb_comment_info":0,"uagb_excerpt":"Ideal para oficinas, negocios y espacios reducidos La Saeco IperAutomatica Premium es una m\u00e1quina de caf\u00e9 compacta, elegante y de alto rendimiento, dise\u00f1ada para ofrecer hasta 8 bebidas distintas combinando caf\u00e9 en grano y productos solubles como leche o chocolate.","_links":{"self":[{"href":"https:\/\/starcoffee.ar\/tienda\/wp-json\/wp\/v2\/product\/5586","targetHints":{"allow":["GET"]}}],"collection":[{"href":"https:\/\/starcoffee.ar\/tienda\/wp-json\/wp\/v2\/product"}],"about":[{"href":"https:\/\/starcoffee.ar\/tienda\/wp-json\/wp\/v2\/types\/product"}],"replies":[{"embeddable":true,"href":"https:\/\/starcoffee.ar\/tienda\/wp-json\/wp\/v2\/comments?post=5586"}],"wp:featuredmedia":[{"embeddable":true,"href":"https:\/\/starcoffee.ar\/tienda\/wp-json\/wp\/v2\/media\/5605"}],"wp:attachment":[{"href":"https:\/\/starcoffee.ar\/tienda\/wp-json\/wp\/v2\/media?parent=5586"}],"wp:term":[{"taxonomy":"product_brand","embeddable":true,"href":"https:\/\/starcoffee.ar\/tienda\/wp-json\/wp\/v2\/product_brand?post=5586"},{"taxonomy":"product_cat","embeddable":true,"href":"https:\/\/starcoffee.ar\/tienda\/wp-json\/wp\/v2\/product_cat?post=5586"},{"taxonomy":"product_tag","embeddable":true,"href":"https:\/\/starcoffee.ar\/tienda\/wp-json\/wp\/v2\/product_tag?post=5586"}],"curies":[{"name":"wp","href":"https:\/\/api.w.org\/{rel}","templated":true}]}}