{"id":5585,"date":"2024-10-04T23:11:09","date_gmt":"2024-10-04T23:11:09","guid":{"rendered":"https:\/\/starcoffee.ar\/tienda\/?post_type=product&#038;p=5585"},"modified":"2026-02-05T13:43:30","modified_gmt":"2026-02-05T13:43:30","slug":"saeco-magic-m1","status":"publish","type":"product","link":"https:\/\/starcoffee.ar\/tienda\/product\/saeco-magic-m1\/","title":{"rendered":"Saeco Magic M1"},"content":{"rendered":"<h2 data-start=\"167\" data-end=\"230\">Saeco Magic\u202fM1 \u2013 M\u00e1quina de Caf\u00e9 Superautom\u00e1tica Profesional<\/h2>\n<p data-start=\"265\" data-end=\"504\">La Saeco\u202fMagic\u202fM1 es una superautom\u00e1tica dise\u00f1ada para oficinas y entornos corporativos exigentes. Combina dise\u00f1o moderno, pantalla t\u00e1ctil y tecnolog\u00eda de alto nivel para ofrecer calidad y variedad en cada servicio con solo tocar un bot\u00f3n.<\/p>\n<h3 data-start=\"506\" data-end=\"537\">Caracter\u00edsticas principales<\/h3>\n<ul data-start=\"538\" data-end=\"1343\">\n<li data-start=\"538\" data-end=\"627\">\n<p data-start=\"540\" data-end=\"627\"><strong data-start=\"540\" data-end=\"577\">Unidad de caf\u00e9 de c\u00e1mara variable<\/strong> (8,5 a 15\u202fg); intensidad programable en 4 pasos<\/p>\n<\/li>\n<li data-start=\"628\" data-end=\"698\">\n<p data-start=\"630\" data-end=\"698\"><strong data-start=\"630\" data-end=\"677\">Pantalla t\u00e1ctil a color de 7\u2033 (1024\u00d7600\u202fpx)<\/strong> con men\u00fa intuitivo<\/p>\n<\/li>\n<li data-start=\"699\" data-end=\"771\">\n<p data-start=\"701\" data-end=\"771\"><strong data-start=\"701\" data-end=\"738\">Capuccinador autom\u00e1tico integrado<\/strong>, silencioso y f\u00e1cil de limpiar<\/p>\n<\/li>\n<li data-start=\"772\" data-end=\"871\">\n<p data-start=\"774\" data-end=\"871\"><strong data-start=\"774\" data-end=\"803\">Doble circuito hidr\u00e1ulico<\/strong> que permite dispensar simult\u00e1neamente caf\u00e9, leche y agua caliente<\/p>\n<\/li>\n<li data-start=\"872\" data-end=\"953\">\n<p data-start=\"874\" data-end=\"953\"><strong data-start=\"874\" data-end=\"915\">Molinillo con muelas c\u00f3nicas de acero<\/strong>, regulable en 8 niveles de molienda<\/p>\n<\/li>\n<li data-start=\"954\" data-end=\"1089\">\n<p data-start=\"956\" data-end=\"1089\"><strong data-start=\"956\" data-end=\"994\">Recetas totalmente personalizables<\/strong>, incluyendo ristretto, espresso, lungo, cappuccino, latte macchiato, flat white, entre otros<\/p>\n<\/li>\n<li data-start=\"1090\" data-end=\"1152\">\n<p data-start=\"1092\" data-end=\"1152\"><strong data-start=\"1092\" data-end=\"1150\">Dispensado simult\u00e1neo de dos caf\u00e9s o bebidas con leche<\/strong><\/p>\n<\/li>\n<li data-start=\"1153\" data-end=\"1233\">\n<p data-start=\"1155\" data-end=\"1233\"><strong data-start=\"1155\" data-end=\"1188\">Altura de erogaci\u00f3n ajustable<\/strong> de 75 a 160\u202fmm, compatible con vasos altos<\/p>\n<\/li>\n<li data-start=\"1234\" data-end=\"1282\">\n<p data-start=\"1236\" data-end=\"1282\"><strong data-start=\"1236\" data-end=\"1255\">Iluminaci\u00f3n LED<\/strong> en la zona de dispensado<\/p>\n<\/li>\n<li data-start=\"1283\" data-end=\"1343\">\n<p data-start=\"1285\" data-end=\"1343\"><strong data-start=\"1285\" data-end=\"1343\">Compatibilidad con sistemas de pago MDB y Saeco Pro.Up<\/strong><\/p>\n<\/li>\n<\/ul>\n<h3 data-start=\"1345\" data-end=\"1360\">Capacidades<\/h3>\n<ul data-start=\"1361\" data-end=\"1530\">\n<li data-start=\"1361\" data-end=\"1392\">\n<p data-start=\"1363\" data-end=\"1392\">Contenedor de granos: 600\u202fg<\/p>\n<\/li>\n<li data-start=\"1393\" data-end=\"1457\">\n<p data-start=\"1395\" data-end=\"1457\">Dep\u00f3sito de agua: 2,5\u202fL (tanque interno, sin conexi\u00f3n a red)<\/p>\n<\/li>\n<li data-start=\"1458\" data-end=\"1483\">\n<p data-start=\"1460\" data-end=\"1483\">Bandeja de goteo: 2\u202fL<\/p>\n<\/li>\n<li data-start=\"1484\" data-end=\"1530\">\n<p data-start=\"1486\" data-end=\"1530\">Contenedor de residuos: hasta 30 servicios<\/p>\n<\/li>\n<\/ul>\n<h3 data-start=\"1532\" data-end=\"1561\">Especificaciones t\u00e9cnicas<\/h3>\n<ul data-start=\"1562\" data-end=\"1726\">\n<li data-start=\"1562\" data-end=\"1616\">\n<p data-start=\"1564\" data-end=\"1616\">Dimensiones (an\u202f\u00d7\u202falto\u202f\u00d7\u202fprof): 280\u202f\u00d7\u202f435\u202f\u00d7\u202f481\u202fmm<\/p>\n<\/li>\n<li data-start=\"1617\" data-end=\"1634\">\n<p data-start=\"1619\" data-end=\"1634\">Peso: 14,3\u202fkg<\/p>\n<\/li>\n<li data-start=\"1635\" data-end=\"1666\">\n<p data-start=\"1637\" data-end=\"1666\">Alimentaci\u00f3n: 230\u202fV \/ 50\u202fHz<\/p>\n<\/li>\n<li data-start=\"1667\" data-end=\"1687\">\n<p data-start=\"1669\" data-end=\"1687\">Potencia: 1900\u202fW<\/p>\n<\/li>\n<li data-start=\"1688\" data-end=\"1726\">\n<p data-start=\"1690\" data-end=\"1726\">Sistema hidr\u00e1ulico: doble circuito<\/p>\n<\/li>\n<\/ul>\n","protected":false},"excerpt":{"rendered":"<p>La Saeco\u202fMagic\u202fM1 es una superautom\u00e1tica dise\u00f1ada para oficinas y entornos corporativos exigentes. Combina dise\u00f1o moderno, pantalla t\u00e1ctil y tecnolog\u00eda de alto nivel para ofrecer calidad y variedad en cada servicio con solo tocar un bot\u00f3n.<\/p>\n","protected":false},"featured_media":5792,"comment_status":"open","ping_status":"closed","template":"","meta":{"_surecart_dashboard_logo_width":"180px","_surecart_dashboard_show_logo":true,"_surecart_dashboard_navigation_orders":true,"_surecart_dashboard_navigation_invoices":true,"_surecart_dashboard_navigation_subscriptions":true,"_surecart_dashboard_navigation_downloads":true,"_surecart_dashboard_navigation_billing":true,"_surecart_dashboard_navigation_account":true,"_uag_custom_page_level_css":"","site-sidebar-layout":"default","site-content-layout":"","ast-site-content-layout":"default","site-content-style":"default","site-sidebar-style":"default","ast-global-header-display":"","ast-banner-title-visibility":"","ast-main-header-display":"","ast-hfb-above-header-display":"","ast-hfb-below-header-display":"","ast-hfb-mobile-header-display":"","site-post-title":"","ast-breadcrumbs-content":"","ast-featured-img":"","footer-sml-layout":"","ast-disable-related-posts":"","theme-transparent-header-meta":"default","adv-header-id-meta":"","stick-header-meta":"","header-above-stick-meta":"","header-main-stick-meta":"","header-below-stick-meta":"","astra-migrate-meta-layouts":"set","ast-page-background-enabled":"default","ast-page-background-meta":{"desktop":{"background-color":"","background-image":"","background-repeat":"repeat","background-position":"center center","background-size":"auto","background-attachment":"scroll","background-type":"","background-media":"","overlay-type":"","overlay-color":"","overlay-opacity":"","overlay-gradient":""},"tablet":{"background-color":"","background-image":"","background-repeat":"repeat","background-position":"center center","background-size":"auto","background-attachment":"scroll","background-type":"","background-media":"","overlay-type":"","overlay-color":"","overlay-opacity":"","overlay-gradient":""},"mobile":{"background-color":"","background-image":"","background-repeat":"repeat","background-position":"center center","background-size":"auto","background-attachment":"scroll","background-type":"","background-media":"","overlay-type":"","overlay-color":"","overlay-opacity":"","overlay-gradient":""}},"ast-content-background-meta":{"desktop":{"background-color":"var(--ast-global-color-5)","background-image":"","background-repeat":"repeat","background-position":"center center","background-size":"auto","background-attachment":"scroll","background-type":"","background-media":"","overlay-type":"","overlay-color":"","overlay-opacity":"","overlay-gradient":""},"tablet":{"background-color":"var(--ast-global-color-5)","background-image":"","background-repeat":"repeat","background-position":"center center","background-size":"auto","background-attachment":"scroll","background-type":"","background-media":"","overlay-type":"","overlay-color":"","overlay-opacity":"","overlay-gradient":""},"mobile":{"background-color":"var(--ast-global-color-5)","background-image":"","background-repeat":"repeat","background-position":"center center","background-size":"auto","background-attachment":"scroll","background-type":"","background-media":"","overlay-type":"","overlay-color":"","overlay-opacity":"","overlay-gradient":""}},"_joinchat":[]},"product_brand":[53],"product_cat":[45,48,44,55],"product_tag":[],"class_list":{"0":"post-5585","1":"product","2":"type-product","3":"status-publish","4":"has-post-thumbnail","6":"product_brand-saeco","7":"product_cat-cafeterias","8":"product_cat-maquinas-de-cafe","9":"product_cat-oficinas","10":"product_cat-saeco","11":"desktop-align-center","12":"tablet-align-center","13":"mobile-align-center","15":"first","16":"instock","17":"shipping-taxable","18":"purchasable","19":"product-type-simple"},"uagb_featured_image_src":{"full":["https:\/\/starcoffee.ar\/tienda\/wp-content\/uploads\/2024\/10\/m1.png",1100,1100,false],"thumbnail":["https:\/\/starcoffee.ar\/tienda\/wp-content\/uploads\/2024\/10\/m1-150x150.png",150,150,true],"medium":["https:\/\/starcoffee.ar\/tienda\/wp-content\/uploads\/2024\/10\/m1-300x300.png",300,300,true],"medium_large":["https:\/\/starcoffee.ar\/tienda\/wp-content\/uploads\/2024\/10\/m1-768x768.png",768,768,true],"large":["https:\/\/starcoffee.ar\/tienda\/wp-content\/uploads\/2024\/10\/m1-1024x1024.png",1024,1024,true],"1536x1536":["https:\/\/starcoffee.ar\/tienda\/wp-content\/uploads\/2024\/10\/m1.png",1100,1100,false],"2048x2048":["https:\/\/starcoffee.ar\/tienda\/wp-content\/uploads\/2024\/10\/m1.png",1100,1100,false],"woocommerce_thumbnail":["https:\/\/starcoffee.ar\/tienda\/wp-content\/uploads\/2024\/10\/m1-300x300.png",300,300,true],"woocommerce_single":["https:\/\/starcoffee.ar\/tienda\/wp-content\/uploads\/2024\/10\/m1-600x600.png",600,600,true],"woocommerce_gallery_thumbnail":["https:\/\/starcoffee.ar\/tienda\/wp-content\/uploads\/2024\/10\/m1-100x100.png",100,100,true]},"uagb_author_info":{"display_name":"admin","author_link":"https:\/\/starcoffee.ar\/tienda\/author\/"},"uagb_comment_info":0,"uagb_excerpt":"La Saeco\u202fMagic\u202fM1 es una superautom\u00e1tica dise\u00f1ada para oficinas y entornos corporativos exigentes. Combina dise\u00f1o moderno, pantalla t\u00e1ctil y tecnolog\u00eda de alto nivel para ofrecer calidad y variedad en cada servicio con solo tocar un bot\u00f3n.","_links":{"self":[{"href":"https:\/\/starcoffee.ar\/tienda\/wp-json\/wp\/v2\/product\/5585","targetHints":{"allow":["GET"]}}],"collection":[{"href":"https:\/\/starcoffee.ar\/tienda\/wp-json\/wp\/v2\/product"}],"about":[{"href":"https:\/\/starcoffee.ar\/tienda\/wp-json\/wp\/v2\/types\/product"}],"replies":[{"embeddable":true,"href":"https:\/\/starcoffee.ar\/tienda\/wp-json\/wp\/v2\/comments?post=5585"}],"wp:featuredmedia":[{"embeddable":true,"href":"https:\/\/starcoffee.ar\/tienda\/wp-json\/wp\/v2\/media\/5792"}],"wp:attachment":[{"href":"https:\/\/starcoffee.ar\/tienda\/wp-json\/wp\/v2\/media?parent=5585"}],"wp:term":[{"taxonomy":"product_brand","embeddable":true,"href":"https:\/\/starcoffee.ar\/tienda\/wp-json\/wp\/v2\/product_brand?post=5585"},{"taxonomy":"product_cat","embeddable":true,"href":"https:\/\/starcoffee.ar\/tienda\/wp-json\/wp\/v2\/product_cat?post=5585"},{"taxonomy":"product_tag","embeddable":true,"href":"https:\/\/starcoffee.ar\/tienda\/wp-json\/wp\/v2\/product_tag?post=5585"}],"curies":[{"name":"wp","href":"https:\/\/api.w.org\/{rel}","templated":true}]}}