{"id":5569,"date":"2024-10-04T23:11:08","date_gmt":"2024-10-04T23:11:08","guid":{"rendered":"https:\/\/starcoffee.ar\/tienda\/?post_type=product&#038;p=5569"},"modified":"2026-02-06T13:00:56","modified_gmt":"2026-02-06T13:00:56","slug":"necta-barista-200","status":"publish","type":"product","link":"https:\/\/starcoffee.ar\/tienda\/product\/necta-barista-200\/","title":{"rendered":"Necta Barista 200"},"content":{"rendered":"<div style=\"text-align: left;\">\n<h1 data-start=\"226\" data-end=\"298\"><strong data-start=\"228\" data-end=\"298\">Necta Barista 200 \u2013 La mejor opci\u00f3n profesional para espacios peque\u00f1os<\/strong><\/h1>\n<p data-start=\"300\" data-end=\"609\">La <strong data-start=\"303\" data-end=\"320\">Necta Barista <\/strong>redefine el segmento de m\u00e1quinas de caf\u00e9 de sobremesa. Dise\u00f1ada para oficinas, comercios y espacios con alto tr\u00e1nsito pero poco espacio, ofrece un rendimiento sorprendente gracias a su tecnolog\u00eda de \u00faltima generaci\u00f3n, iluminaci\u00f3n LED y un dise\u00f1o moderno que destaca en cualquier ambiente.<\/p>\n<p data-start=\"611\" data-end=\"963\">Equipada con el reconocido <strong data-start=\"638\" data-end=\"661\">grupo de caf\u00e9 Z4000<\/strong>, caldera espresso compacta y sistema Freemix para productos solubles, la Solista garantiza bebidas consistentes, cremosas y de gran calidad.<br data-start=\"802\" data-end=\"805\" \/>Su interfaz es simple, intuitiva y permite <strong data-start=\"848\" data-end=\"881\">hasta 10 selecciones directas<\/strong>, lo que la convierte en una m\u00e1quina r\u00e1pida y pr\u00e1ctica para usuarios de todo tipo.<\/p>\n<hr data-start=\"965\" data-end=\"968\" \/>\n<h2 data-start=\"970\" data-end=\"1004\"><strong data-start=\"973\" data-end=\"1004\">Caracter\u00edsticas principales<\/strong><\/h2>\n<ul data-start=\"1005\" data-end=\"1588\">\n<li data-start=\"1005\" data-end=\"1077\">\n<p data-start=\"1007\" data-end=\"1077\"><strong data-start=\"1007\" data-end=\"1034\">10 selecciones directas<\/strong> con etiquetas grandes y de f\u00e1cil lectura<\/p>\n<\/li>\n<li data-start=\"1078\" data-end=\"1107\">\n<p data-start=\"1080\" data-end=\"1107\">Display gr\u00e1fico 128\u00d764 px<\/p>\n<\/li>\n<li data-start=\"1108\" data-end=\"1142\">\n<p data-start=\"1110\" data-end=\"1142\">Iluminaci\u00f3n LED personalizable<\/p>\n<\/li>\n<li data-start=\"1143\" data-end=\"1173\">\n<p data-start=\"1145\" data-end=\"1173\">\u00c1rea de recogida iluminada<\/p>\n<\/li>\n<li data-start=\"1174\" data-end=\"1245\">\n<p data-start=\"1176\" data-end=\"1245\">Posibilidad de instalar sistemas de pago (llave, tarjeta o monedas)<\/p>\n<\/li>\n<li data-start=\"1246\" data-end=\"1273\">\n<p data-start=\"1248\" data-end=\"1273\">Grupo de caf\u00e9 <strong data-start=\"1262\" data-end=\"1271\">Z4000<\/strong><\/p>\n<\/li>\n<li data-start=\"1274\" data-end=\"1303\">\n<p data-start=\"1276\" data-end=\"1303\">Caldera espresso compacta<\/p>\n<\/li>\n<li data-start=\"1304\" data-end=\"1350\">\n<p data-start=\"1306\" data-end=\"1350\">Nueva tecnolog\u00eda <strong data-start=\"1323\" data-end=\"1334\">Freemix<\/strong> para solubles<\/p>\n<\/li>\n<li data-start=\"1351\" data-end=\"1412\">\n<p data-start=\"1353\" data-end=\"1412\">Motodosificadores con velocidad regulada electr\u00f3nicamente<\/p>\n<\/li>\n<li data-start=\"1413\" data-end=\"1461\">\n<p data-start=\"1415\" data-end=\"1461\">Contenedores para solubles de 1 a 1.9 litros<\/p>\n<\/li>\n<li data-start=\"1462\" data-end=\"1506\">\n<p data-start=\"1464\" data-end=\"1506\">Electr\u00f3nica N&amp;W de 16 bits con 4MB Flash<\/p>\n<\/li>\n<li data-start=\"1507\" data-end=\"1553\">\n<p data-start=\"1509\" data-end=\"1553\">Mantenimiento simple con c\u00f3digo de colores<\/p>\n<\/li>\n<li data-start=\"1554\" data-end=\"1588\">\n<p data-start=\"1556\" data-end=\"1588\">Bandeja de residuos optimizada<\/p>\n<\/li>\n<\/ul>\n<hr data-start=\"1590\" data-end=\"1593\" \/>\n<h2 data-start=\"1595\" data-end=\"1618\"><strong data-start=\"1598\" data-end=\"1618\">Especificaciones<\/strong><\/h2>\n<ul data-start=\"1619\" data-end=\"1863\">\n<li data-start=\"1619\" data-end=\"1662\">\n<p data-start=\"1621\" data-end=\"1662\"><strong data-start=\"1621\" data-end=\"1632\">Altura:<\/strong> 650 mm (con campana 750 mm)<\/p>\n<\/li>\n<li data-start=\"1663\" data-end=\"1684\">\n<p data-start=\"1665\" data-end=\"1684\"><strong data-start=\"1665\" data-end=\"1675\">Ancho:<\/strong> 410 mm<\/p>\n<\/li>\n<li data-start=\"1685\" data-end=\"1712\">\n<p data-start=\"1687\" data-end=\"1712\"><strong data-start=\"1687\" data-end=\"1703\">Profundidad:<\/strong> 564 mm<\/p>\n<\/li>\n<li data-start=\"1713\" data-end=\"1759\">\n<p data-start=\"1715\" data-end=\"1759\"><strong data-start=\"1715\" data-end=\"1750\">Profundidad con puerta abierta:<\/strong> 822 mm<\/p>\n<\/li>\n<li data-start=\"1760\" data-end=\"1779\">\n<p data-start=\"1762\" data-end=\"1779\"><strong data-start=\"1762\" data-end=\"1771\">Peso:<\/strong> 42 kg<\/p>\n<\/li>\n<li data-start=\"1780\" data-end=\"1802\">\n<p data-start=\"1782\" data-end=\"1802\"><strong data-start=\"1782\" data-end=\"1794\">Tensi\u00f3n:<\/strong> 230 V<\/p>\n<\/li>\n<li data-start=\"1803\" data-end=\"1828\">\n<p data-start=\"1805\" data-end=\"1828\"><strong data-start=\"1805\" data-end=\"1820\">Frecuencia:<\/strong> 50 Hz<\/p>\n<\/li>\n<li data-start=\"1829\" data-end=\"1863\">\n<p data-start=\"1831\" data-end=\"1863\"><strong data-start=\"1831\" data-end=\"1854\">Potencia instalada:<\/strong> 1500 W<\/p>\n<\/li>\n<\/ul>\n<hr data-start=\"1865\" data-end=\"1868\" \/>\n<h2 data-start=\"1870\" data-end=\"1886\"><strong data-start=\"1873\" data-end=\"1886\">Capacidad<\/strong><\/h2>\n<ul data-start=\"1887\" data-end=\"2036\">\n<li data-start=\"1887\" data-end=\"1916\">\n<p data-start=\"1889\" data-end=\"1916\"><strong data-start=\"1889\" data-end=\"1907\">Caf\u00e9 en grano:<\/strong> 1.2 kg<\/p>\n<\/li>\n<li data-start=\"1917\" data-end=\"1939\">\n<p data-start=\"1919\" data-end=\"1939\"><strong data-start=\"1919\" data-end=\"1930\">Az\u00facar:<\/strong> 1.0 kg<\/p>\n<\/li>\n<li data-start=\"1940\" data-end=\"1984\">\n<p data-start=\"1942\" data-end=\"1984\"><strong data-start=\"1942\" data-end=\"1959\">Contenedores:<\/strong> 5\u20136 (versi\u00f3n Espresso)<\/p>\n<\/li>\n<li data-start=\"1985\" data-end=\"2010\">\n<p data-start=\"1987\" data-end=\"2010\"><strong data-start=\"1987\" data-end=\"1997\">Vasos:<\/strong> 165\u2013200 cc<\/p>\n<\/li>\n<li data-start=\"2011\" data-end=\"2036\">\n<p data-start=\"2013\" data-end=\"2036\"><strong data-start=\"2013\" data-end=\"2027\">Paletinas:<\/strong> 180 mm<\/p>\n<\/li>\n<\/ul>\n<hr data-start=\"2038\" data-end=\"2041\" \/>\n<h2 data-start=\"2043\" data-end=\"2069\"><strong data-start=\"2046\" data-end=\"2069\">Bebidas disponibles<\/strong><\/h2>\n<ul data-start=\"2070\" data-end=\"2356\">\n<li data-start=\"2070\" data-end=\"2082\">\n<p data-start=\"2072\" data-end=\"2082\">Espresso<\/p>\n<\/li>\n<li data-start=\"2083\" data-end=\"2097\">\n<p data-start=\"2085\" data-end=\"2097\">Caf\u00e9 largo<\/p>\n<\/li>\n<li data-start=\"2098\" data-end=\"2109\">\n<p data-start=\"2100\" data-end=\"2109\">Cortado<\/p>\n<\/li>\n<li data-start=\"2110\" data-end=\"2128\">\n<p data-start=\"2112\" data-end=\"2128\">Caf\u00e9 con leche<\/p>\n<\/li>\n<li data-start=\"2129\" data-end=\"2142\">\n<p data-start=\"2131\" data-end=\"2142\">Capuchino<\/p>\n<\/li>\n<li data-start=\"2143\" data-end=\"2170\">\n<p data-start=\"2145\" data-end=\"2170\">Capuchino con chocolate<\/p>\n<\/li>\n<li data-start=\"2171\" data-end=\"2184\">\n<p data-start=\"2173\" data-end=\"2184\">Chocolate<\/p>\n<\/li>\n<li data-start=\"2185\" data-end=\"2208\">\n<p data-start=\"2187\" data-end=\"2208\">Chocolate con leche<\/p>\n<\/li>\n<li data-start=\"2209\" data-end=\"2235\">\n<p data-start=\"2211\" data-end=\"2235\">Leche \/ leche manchada<\/p>\n<\/li>\n<li data-start=\"2236\" data-end=\"2242\">\n<p data-start=\"2238\" data-end=\"2242\">T\u00e9<\/p>\n<\/li>\n<li data-start=\"2243\" data-end=\"2260\">\n<p data-start=\"2245\" data-end=\"2260\">Agua caliente<\/p>\n<\/li>\n<li data-start=\"2261\" data-end=\"2306\">\n<p data-start=\"2263\" data-end=\"2306\">Descartables y selecciones con o sin vaso<\/p>\n<\/li>\n<li data-start=\"2307\" data-end=\"2356\">\n<p data-start=\"2309\" data-end=\"2356\">Opciones descafeinadas en todas las variantes<\/p>\n<\/li>\n<\/ul>\n<hr data-start=\"2358\" data-end=\"2361\" \/>\n<h2 data-start=\"2363\" data-end=\"2391\"><strong data-start=\"2366\" data-end=\"2391\">Accesorios opcionales<\/strong><\/h2>\n<ul data-start=\"2392\" data-end=\"2580\">\n<li data-start=\"2392\" data-end=\"2416\">\n<p data-start=\"2394\" data-end=\"2416\">Mueble base equipado<\/p>\n<\/li>\n<li data-start=\"2417\" data-end=\"2449\">\n<p data-start=\"2419\" data-end=\"2449\">M\u00f3dulo lateral para monedero<\/p>\n<\/li>\n<li data-start=\"2450\" data-end=\"2474\">\n<p data-start=\"2452\" data-end=\"2474\">Kit autoalimentaci\u00f3n<\/p>\n<\/li>\n<li data-start=\"2475\" data-end=\"2494\">\n<p data-start=\"2477\" data-end=\"2494\">Sensor de tazas<\/p>\n<\/li>\n<li data-start=\"2495\" data-end=\"2518\">\n<p data-start=\"2497\" data-end=\"2518\">Regulador de az\u00facar<\/p>\n<\/li>\n<li data-start=\"2519\" data-end=\"2580\">\n<p data-start=\"2521\" data-end=\"2580\">Solista + Minisnakky para venta combinada (caf\u00e9 + snacks)<\/p>\n<\/li>\n<\/ul>\n<\/div>\n","protected":false},"excerpt":{"rendered":"<p>Necta Solista es la mejor opci\u00f3n para disfrutar de caf\u00e9 expreso en comercios, empresas, instituciones educativas y grandes empresas.<\/p>\n<p>Esta m\u00e1quina viene configurada con las siguientes bebidas solubles:<\/p>\n<ul>\n<li>Caf\u00e9 Expreso<\/li>\n<li>Caf\u00e9 Largo<\/li>\n<li>Caf\u00e9 Cortado<\/li>\n<li>Caf\u00e9 con Leche<\/li>\n<li>Capuchino con Chocolate<\/li>\n<li>Descafeinado Largo<\/li>\n<li>Descafeinado Cortado<\/li>\n<li>Descafeinado con Leche<\/li>\n<li>Capuchino Descafeinado<\/li>\n<li>Chocolate<\/li>\n<\/ul>\n","protected":false},"featured_media":5595,"comment_status":"open","ping_status":"closed","template":"","meta":{"_surecart_dashboard_logo_width":"180px","_surecart_dashboard_show_logo":true,"_surecart_dashboard_navigation_orders":true,"_surecart_dashboard_navigation_invoices":true,"_surecart_dashboard_navigation_subscriptions":true,"_surecart_dashboard_navigation_downloads":true,"_surecart_dashboard_navigation_billing":true,"_surecart_dashboard_navigation_account":true,"_uag_custom_page_level_css":"","site-sidebar-layout":"default","site-content-layout":"","ast-site-content-layout":"default","site-content-style":"default","site-sidebar-style":"default","ast-global-header-display":"","ast-banner-title-visibility":"","ast-main-header-display":"","ast-hfb-above-header-display":"","ast-hfb-below-header-display":"","ast-hfb-mobile-header-display":"","site-post-title":"","ast-breadcrumbs-content":"","ast-featured-img":"","footer-sml-layout":"","ast-disable-related-posts":"","theme-transparent-header-meta":"default","adv-header-id-meta":"","stick-header-meta":"","header-above-stick-meta":"","header-main-stick-meta":"","header-below-stick-meta":"","astra-migrate-meta-layouts":"set","ast-page-background-enabled":"default","ast-page-background-meta":{"desktop":{"background-color":"","background-image":"","background-repeat":"repeat","background-position":"center center","background-size":"auto","background-attachment":"scroll","background-type":"","background-media":"","overlay-type":"","overlay-color":"","overlay-opacity":"","overlay-gradient":""},"tablet":{"background-color":"","background-image":"","background-repeat":"repeat","background-position":"center center","background-size":"auto","background-attachment":"scroll","background-type":"","background-media":"","overlay-type":"","overlay-color":"","overlay-opacity":"","overlay-gradient":""},"mobile":{"background-color":"","background-image":"","background-repeat":"repeat","background-position":"center center","background-size":"auto","background-attachment":"scroll","background-type":"","background-media":"","overlay-type":"","overlay-color":"","overlay-opacity":"","overlay-gradient":""}},"ast-content-background-meta":{"desktop":{"background-color":"var(--ast-global-color-5)","background-image":"","background-repeat":"repeat","background-position":"center center","background-size":"auto","background-attachment":"scroll","background-type":"","background-media":"","overlay-type":"","overlay-color":"","overlay-opacity":"","overlay-gradient":""},"tablet":{"background-color":"var(--ast-global-color-5)","background-image":"","background-repeat":"repeat","background-position":"center center","background-size":"auto","background-attachment":"scroll","background-type":"","background-media":"","overlay-type":"","overlay-color":"","overlay-opacity":"","overlay-gradient":""},"mobile":{"background-color":"var(--ast-global-color-5)","background-image":"","background-repeat":"repeat","background-position":"center center","background-size":"auto","background-attachment":"scroll","background-type":"","background-media":"","overlay-type":"","overlay-color":"","overlay-opacity":"","overlay-gradient":""}},"_joinchat":[]},"product_brand":[49],"product_cat":[42,48,56,44],"product_tag":[],"class_list":{"0":"post-5569","1":"product","2":"type-product","3":"status-publish","4":"has-post-thumbnail","6":"product_brand-necta","7":"product_cat-comercios","8":"product_cat-maquinas-de-cafe","9":"product_cat-necta","10":"product_cat-oficinas","11":"desktop-align-center","12":"tablet-align-center","13":"mobile-align-center","15":"first","16":"instock","17":"shipping-taxable","18":"purchasable","19":"product-type-simple"},"uagb_featured_image_src":{"full":["https:\/\/starcoffee.ar\/tienda\/wp-content\/uploads\/2024\/10\/solista-1.png",1028,1192,false],"thumbnail":["https:\/\/starcoffee.ar\/tienda\/wp-content\/uploads\/2024\/10\/solista-1-150x150.png",150,150,true],"medium":["https:\/\/starcoffee.ar\/tienda\/wp-content\/uploads\/2024\/10\/solista-1-259x300.png",259,300,true],"medium_large":["https:\/\/starcoffee.ar\/tienda\/wp-content\/uploads\/2024\/10\/solista-1-768x891.png",768,891,true],"large":["https:\/\/starcoffee.ar\/tienda\/wp-content\/uploads\/2024\/10\/solista-1-883x1024.png",883,1024,true],"1536x1536":["https:\/\/starcoffee.ar\/tienda\/wp-content\/uploads\/2024\/10\/solista-1.png",1028,1192,false],"2048x2048":["https:\/\/starcoffee.ar\/tienda\/wp-content\/uploads\/2024\/10\/solista-1.png",1028,1192,false],"woocommerce_thumbnail":["https:\/\/starcoffee.ar\/tienda\/wp-content\/uploads\/2024\/10\/solista-1-300x300.png",300,300,true],"woocommerce_single":["https:\/\/starcoffee.ar\/tienda\/wp-content\/uploads\/2024\/10\/solista-1-600x696.png",600,696,true],"woocommerce_gallery_thumbnail":["https:\/\/starcoffee.ar\/tienda\/wp-content\/uploads\/2024\/10\/solista-1-100x100.png",100,100,true]},"uagb_author_info":{"display_name":"admin","author_link":"https:\/\/starcoffee.ar\/tienda\/author\/"},"uagb_comment_info":1,"uagb_excerpt":"Necta Solista es la mejor opci\u00f3n para disfrutar de caf\u00e9 expreso en comercios, empresas, instituciones educativas y grandes empresas. Esta m\u00e1quina viene configurada con las siguientes bebidas solubles: Caf\u00e9 Expreso Caf\u00e9 Largo Caf\u00e9 Cortado Caf\u00e9 con Leche Capuchino con Chocolate Descafeinado Largo Descafeinado Cortado Descafeinado con Leche Capuchino Descafeinado Chocolate","_links":{"self":[{"href":"https:\/\/starcoffee.ar\/tienda\/wp-json\/wp\/v2\/product\/5569","targetHints":{"allow":["GET"]}}],"collection":[{"href":"https:\/\/starcoffee.ar\/tienda\/wp-json\/wp\/v2\/product"}],"about":[{"href":"https:\/\/starcoffee.ar\/tienda\/wp-json\/wp\/v2\/types\/product"}],"replies":[{"embeddable":true,"href":"https:\/\/starcoffee.ar\/tienda\/wp-json\/wp\/v2\/comments?post=5569"}],"wp:featuredmedia":[{"embeddable":true,"href":"https:\/\/starcoffee.ar\/tienda\/wp-json\/wp\/v2\/media\/5595"}],"wp:attachment":[{"href":"https:\/\/starcoffee.ar\/tienda\/wp-json\/wp\/v2\/media?parent=5569"}],"wp:term":[{"taxonomy":"product_brand","embeddable":true,"href":"https:\/\/starcoffee.ar\/tienda\/wp-json\/wp\/v2\/product_brand?post=5569"},{"taxonomy":"product_cat","embeddable":true,"href":"https:\/\/starcoffee.ar\/tienda\/wp-json\/wp\/v2\/product_cat?post=5569"},{"taxonomy":"product_tag","embeddable":true,"href":"https:\/\/starcoffee.ar\/tienda\/wp-json\/wp\/v2\/product_tag?post=5569"}],"curies":[{"name":"wp","href":"https:\/\/api.w.org\/{rel}","templated":true}]}}